te the remainder when 1442 is divided by 517.
408
What is the remainder when 56105 is divided by 28052?
1
Calculate the remainder when 86089 is divided by 861.
850
What is the remainder when 229679 is divided by 522?
521
Calculate the remainder when 88396 is divided by 302.
212
What is the remainder when 89541 is divided by 14?
11
What is the remainder when 48467 is divided by 246?
5
Calculate the remainder when 3546 is divided by 1770.
6
Calculate the remainder when 65033 is divided by 92.
81
Calculate the remainder when 2164121 is divided by 502.
501
What is the remainder when 29519 is divided by 259?
252
Calculate the remainder when 1548 is divided by 157.
135
Calculate the remainder when 69545 is divided by 23181.
2
Calculate the remainder when 4521 is divided by 918.
849
What is the remainder when 1883 is divided by 29?
27
What is the remainder when 2338 is divided by 28?
14
Calculate the remainder when 123249 is divided by 16.
1
Calculate the remainder when 360 is divided by 43.
16
What is the remainder when 86147 is divided by 242?
237
Calculate the remainder when 56226 is divided by 2957.
43
Calculate the remainder when 17877 is divided by 49.
41
What is the remainder when 23024 is divided by 7664?
32
Calculate the remainder when 181462 is divided by 107.
97
Calculate the remainder when 91565 is divided by 30447.
224
What is the remainder when 720932 is divided by 62?
58
Calculate the remainder when 1910269 is divided by 2624.
2621
Calculate the remainder when 1583 is divided by 588.
407
What is the remainder when 49167 is divided by 56?
55
What is the remainder when 11869 is divided by 330?
319
Calculate the remainder when 6274 is divided by 28.
2
Calculate the remainder when 4955 is divided by 48.
11
What is the remainder when 22750 is divided by 1264?
1262
Calculate the remainder when 366926 is divided by 11.
10
Calculate the remainder when 13059 is divided by 622.
619
What is the remainder when 4514 is divided by 35?
34
Calculate the remainder when 389 is divided by 350.
39
Calculate the remainder when 8679 is divided by 90.
39
What is the remainder when 4420 is divided by 1225?
745
Calculate the remainder when 3753 is divided by 125.
3
What is the remainder when 16619 is divided by 216?
203
What is the remainder when 105997 is divided by 265?
262
Calculate the remainder when 146157 is divided by 80.
77
What is the remainder when 77029 is divided by 195?
4
Calculate the remainder when 141417 is divided by 28283.
2
What is the remainder when 9609 is divided by 400?
9
Calculate the remainder when 18916 is divided by 110.
106
What is the remainder when 1973 is divided by 4?
1
What is the remainder when 3774 is divided by 72?
30
Calculate the remainder when 1139 is divided by 11.
6
Calculate the remainder when 186 is divided by 67.
52
Calculate the remainder when 2241 is divided by 399.
246
Calculate the remainder when 4268 is divided by 607.
19
Calculate the remainder when 97184 is divided by 91.
87
Calculate the remainder when 2808 is divided by 21.
15
Calculate the remainder when 20364 is divided by 4071.
9
What is the remainder when 120712 is divided by 412?
408
What is the remainder when 846668 is divided by 769?
768
Calculate the remainder when 44782 is divided by 527.
514
What is the remainder when 27769 is divided by 106?
103
What is the remainder when 4777 is divided by 129?
4
Calculate the remainder when 2788 is divided by 2776.
12
Calculate the remainder when 3990 is divided by 124.
22
Calculate the remainder when 27376 is divided by 9121.
13
Calculate the remainder when 1031 is divided by 997.
34
Calculate the remainder when 134458 is divided by 382.
376
What is the remainder when 1777 is divided by 296?
1
What is the remainder when 67777 is divided by 148?
141
What is the remainder when 10158 is divided by 8620?
1538
Calculate the remainder when 879 is divided by 203.
67
What is the remainder when 1194202 is divided by 109?
107
What is the remainder when 5694319 is divided by 158?
157
What is the remainder when 298 is divided by 87?
37
Calculate the remainder when 140134 is divided by 254.
180
Calculate the remainder when 13045 is divided by 653.
638
Calculate the remainder when 9597 is divided by 80.
77
Calculate the remainder when 108 is divided by 100.
8
Calculate the remainder when 14456 is divided by 99.
2
Calculate the remainder when 865 is divided by 133.
67
What is the remainder when 206846 is divided by 808?
806
What is the remainder when 150638 is divided by 37657?
10
What is the remainder when 440047 is divided by 268?
259
Calculate the remainder when 283544 is divided by 141741.
62
What is the remainder when 5648 is divided by 5633?
15
Calculate the remainder when 1243 is divided by 1041.
202
What is the remainder when 178 is divided by 55?
13
What is the remainder when 3823 is divided by 2887?
936
What is the remainder when 19722 is divided by 232?
2
Calculate the remainder when 1044 is divided by 183.
129
Calculate the remainder when 31292 is divided by 23.
12
Calculate the remainder when 315390 is divided by 105130.
0
Calculate the remainder when 829 is divided by 148.
89
Calculate the remainder when 3739 is divided by 3703.
36
What is the remainder when 151025 is divided by 295?
280
What is the remainder when 754 is divided by 126?
124
Calculate the remainder when 1338 is divided by 111.
6
What is the remainder when 10259 is divided by 171?
170
What is the remainder when 355 is divided by 259?
96
Calculate the remainder when 2325 is divided by 2272.
53
Calculate the remainder when 180120 is divided by 90055.
10
What is the remainder when 1264 is divided by 176?
32
What is the remainder when 53700 is divided by 392?
388
Calculate the remainder when 1759 is divided by 11.
10
Calculate the remainder when 87612 is divided by 1327.
30
Calculate the remainder when 312175 is divided by 109.
108
What is the remainder when 12371 is divided by 12206?
165
Calculate the remainder when 25690 is divided by 856.
10
What is the remainder when 18974 is divided by 18972?
2
Calculate the remainder when 2875167 is divided by 15.
12
What is the remainder when 16292 is divided by 5425?
17
What is the remainder when 537522 is divided by 75?
72
What is the remainder when 14469 is divided by 4649?
522
Calculate the remainder when 52995 is divided by 17620.
135
What is the remainder when 4024 is divided by 1310?
94
What is the remainder when 21516 is divided by 40?
36
What is the remainder when 27872 is divided by 392?
40
What is the remainder when 4980 is divided by 256?
116
Calculate the remainder when 4669 is divided by 1556.
1
What is the remainder when 30955 is divided by 309?
55
Calculate the remainder when 1276 is divided by 175.
51
Calculate the remainder when 249356 is divided by 9974.
6
What is the remainder when 245418 is divided by 70?
68
Calculate the remainder when 99355 is divided by 1552.
27
Calculate the remainder when 38185 is divided by 888.
1
Calculate the remainder when 23431 is divided by 597.
148
What is the remainder when 665419 is divided by 15?
4
What is the remainder when 122781 is divided by 24554?
11
Calculate the remainder when 72572 is divided by 14513.
7
Calculate the remainder when 95278 is divided by 60.
58
What is the remainder when 4328 is divided by 8?
0
Calculate the remainder when 2736202 is divided by 1368095.
12
Calculate the remainder when 19269 is divided by 2750.
19
What is the remainder when 3034 is divided by 744?
58
What is the remainder when 417582 is divided by 205?
202
Calculate the remainder when 16723 is divided by 408.
403
What is the remainder when 3692 is divided by 918?
20
Calculate the remainder when 2685 is divided by 383.
4
Calculate the remainder when 27269 is divided by 56.
53
Calculate the remainder when 172963 is divided by 86425.
113
What is the remainder when 21958 is divided by 414?
16
What is the remainder when 34574 is divided by 16?
14
Calculate the remainder when 4246 is divided by 598.
60
Calculate the remainder when 2080 is divided by 141.
106
Calculate the remainder when 891461 is divided by 14614.
7
Calculate the remainder when 512524 is divided by 1622.
1594
What is the remainder when 1473 is divided by 130?
43
Calculate the remainder when 2763 is divide